 + 141*g - 7. Let t(h) = 4*c(h) - 19*s(h). Give t(y).
9
Let n = -139 - -86. Suppose 3*r - 64 = -2*c - 234, 4*r - 4*c + 240 = 0. Let o = n - r. Let d(f) = -2*f + 5. What is d(o)?
-5
Let s(r) be the second derivative of -10*r**2 + 13*r + 1/6*r**3 + 1/60*r**5 - 1/4*r**4 + 0. Let u(w) be the first derivative of s(w). Give u(6).
1
Let f(t) = 12*t - 38. Let l = 15649 - 15646. Determine f(l).
-2
Let r(c) = -233*c**3 + 12*c**2 - 11*c + 41. Let g(i) = -272*i**3 + 13*i**2 - 11*i + 41. Let q(y) = -6*g(y) + 7*r(y). Determine q(-8).
1
Suppose -22*z + 17*z = -5*s - 20, 4*z + 3*s = 2. Suppose 3*u + 6*p - 10*p - 26 = 0, -z*u = 3*p - 40. Let y(o) = o**2 - 13*o - 4. Determine y(u).
10
Let k(y) = 11 + 5 - 3*y - 9*y**2 + 6 + 0*y - 32. Determine k(-2).
-40
Let z be 325/26*4/(-5). Let c(p) = -2*p - 19. Let x be c(z). Let k(r) = -4*r - 4*r + x + 5*r + 2*r. Determine k(4).
-3
Let j(l) = -10*l + 9. Let a(o) = -33*o + 29. Let g(s) = 2*a(s) - 7*j(s). Calculate g(6).
19
Suppose 2*j = 1 - 1. Suppose 5*p + 30 - 80 = j. Let i(d) be the second derivative of -d**5/20 + 5*d**4/6 - d**3/3 + 15*d**2/2 + 3*d. Give i(p).
-5
Let b(d) be the first derivative of d**3/3 - 7*d**2/2 + 2*d - 1961. Let j be (-2)/(-4)*(1 + 1). Suppose 5*c = 6 - j, 2*c = -2*h + 10. Give b(h).
-10
Let q(l) be the second derivative of l**4/12 + 15*l**3/2 + 2*l**2 - 4712*l. Determine q(-45).
4
Let q(b) be the second derivative of b**4/12 + 19*b**3/6 + 81*b**2/2 - 171*b + 1. Calculate q(-6).
3
Let o(k) = 6*k - 101. Let n be 3/(-4) + (-4970)/(-280). Determine o(n).
1
Suppose 0 = 6*x - 14*x - 32. Let p be 1/8*x*4. Let c(m) = 10*m**2 + 4*m + 2. What is c(p)?
34
Suppose -3*o - 10 = -5*n, 5*n - 2*o - 6 = 4. Let w(c) = -2*c**n - 47 + 3*c**3 - c**3 - 51 + 99 - c. Suppose -1 - 1 = -v. Give w(v).
7
Let u be (2/(-3))/(5*(-8)/180). Let m(l) = -9*l + l**u - 6 - l**2 + 3*l**2 + 4*l. Determine m(-4).
-18
Suppose 5*m + 63 - 158 = 0. Suppose 0 = 7*o - 40 + m. Let t(g) be the third derivative of g**4/24 + g**3/6 + g**2. Calculate t(o).
4
Let y(q) = q**2 + 16*q - 100. Let b(l) = -208*l - 5428. Let m be b(-26). Calculate y(m).
-20
Let d(w) = 20*w + 6*w - 20*w + 21 + 5*w + 2*w. Calculate d(-1).
8
Let p(z) = -25*z**2 - 3*z + 34. Let k(s) = 11*s**2 + 4*s - 17. Let r(y) = -7*k(y) - 3*p(y). What is r(-12)?
-43
Let o(w) = -4*w + 2. Suppose -110*k = -99*k - 6776. Let x = k - 620. What is o(x)?
18
Let c(q) = -21*q**2 - q - 1. Let v be c(0). Let k(b) = 8*b**3 + b**2 + b + 1. Calculate k(v).
-7
Let q(y) = -y**3 + 5*y**2 - 2*y - 2. Let s be q(4). Let i(p) = p + 4. Let w(b) = -24*b + 6*b - 21 + 13*b. Let t(n) = 11*i(n) + 2*w(n). Determine t(s).
8
Let d(f) be the second derivative of -f**4/12 + 5*f**3/6 - f**2/2 + 13*f - 35. What is d(6)?
-7
Suppose 0 = 10*m - 33 - 7. Let l(w) = 13*w - 12*w + 5*w - m + 1. Determine l(2).
9
Let l be -15 + (-4158)/(-165) + 4/5. Let p(j) = -4*j + 34. Calculate p(l).
-10
Suppose 3*u + 13 = 2*b + 6*u, -2*b = 4*u - 14. Let a(l) be the first derivative of -3*l**2 - 1/4*l**4 + 2*l**3 - 4*l - 7. What is a(b)?
-9
Suppose 7 = -3*u - x + 24, 4*u - 16 = -3*x. Let n(h) = -25*h + 21 - 22*h + 64*h - 19*h - 5. Determine n(u).
2
Suppose 47 - 56 = 3*q. Let k(z) = 5*z**3 + 25*z**2 - 9*z - 5. Let v(w) = -2*w**3 - 12*w**2 + 4*w + 2. Let j(d) = q*k(d) - 7*v(d). Calculate j(9).
-8
Let n(j) be the third derivative of j**6/360 + j**5/15 - j**4/12 + 83*j**3/2 - 4*j**2 - 2*j. Let r(i) be the first derivative of n(i). Give r(-8).
-2
Let z(j) = 26*j**3 + 4*j**2 - 6*j + 2. Let g(u) = 22*u**3 + 3*u**2 - 5*u + 2. Let n(i) = 6*g(i) - 5*z(i). Calculate n(-1).
-2
Suppose 5*f - 35 = -5*d, 11*f - 3*d - 51 = 8*f. Let n(b) = 5*b - 1 - 2 - 8 + b**2 + f. Determine n(-2).
-5
Let t be (5/(50/15))/(3/6). Let i(j) = 6*j - 12. Give i(t).
6
Let t(o) = 21*o + 28. Let n(l) = -40*l - 55. Let j(s) = -6*n(s) - 11*t(s). Let h be j(-2). Let g(p) = -3*p - 3. Calculate g(h).
-15
Let m be (-603 - -605)*(50/4 - 0). Let c(s) = -6*s**2 + 152*s - 47. Calculate c(m).
3
Let u(s) be the second derivative of s**3/3 + s**2 + 39*s. Suppose -3*l - 105 = 3*d - 2*l, 3 = -l. Let p = 27 + d. Determine u(p).
-12
Suppose 0 = 31*z - 32*z, -5*z = 5*q - 10. Let x(y) = -4*y**2 + 4*y + 5*y**q + 1886 - 1883. Suppose 5*r + 25 = -0*r. What is x(r)?
8
Let q(k) = 2 + 1 - 722*k**3 - k**2 + 712*k**3 + 3*k + 0*k. Calculate q(-1).
9
Let z(h) = h**2 - 9*h + 3. Let d(o) be the second derivative of -o**5/20 - 23*o**4/12 - 4*o**3 - 18*o**2 - 24*o - 2. Let f be d(-22). Give z(f).
-5
Let y(f) = -3*f - 1. Suppose 43*a - 39*a + 132 = 0. Let c be (192/a - -6) + 40/22. Give y(c).
-7
Let i(x) = 2*x**3 + 2*x**2 + x. Let w(d) = d + 67. Let h be w(28). Let m = 96 - h. Let t(q) = -2*q**3 + 3*q**2 - 2. Let c be t(m). Determine i(c).
-1
Let y(x) = -34*x - 176. Suppose 14*l + 77 = -0 + 7. Determine y(l).
-6
Let u(l) = -l + 2. Let f = -142 + 148. Let a(w) = -2*w + 21. Let r(o) = f*u(o) - a(o). Give r(-6).
15
Let i(k) = -395*k - 20. Let j(g) = 659*g + 33. Let l(s) = -5*i(s) - 3*j(s). Suppose -2*m = -22 - 18. Suppose -p - m = -5*p. Calculate l(p).
-9
Let g(c) = -119*c**2 + 56*c + 411. Let l(m) = 95*m**2 - 55*m - 410. Let f(d) = 4*g(d) + 5*l(d). Calculate f(-10).
4
Let x(l) = 15*l**3 + 11*l**2 + 15*l - 11. Let y(u) = 7*u**3 + 5*u**2 + 7*u - 5. Let q be 4 + 158/18 + (-6)/(-27). Let o(a) = q*y(a) - 6*x(a). What is o(-1)?
-2
Let v(f) be the first derivative of f**5/60 + f**4/24 - 2*f**3/3 - f**2/2 - 11*f - 67. Let o(y) be the second derivative of v(y). Calculate o(-3).
2
Let c(b) = 24*b**3 + 5955*b + 4*b**2 - 7 - 5951*b - 26*b**3. Determine c(2).
1
Let t(z) = -z**3 + 3*z**2 - 2*z + 12. Let f be t(3). Let k(v) = -v - 9 - v - 7*v + f*v. Give k(-9).
18
Let z(f) = -2*f**2 - f - 49. Let k(v) = -2*v - 2. Let n(a) = 5*k(a) - z(a). What is n(4)?
35
Let k = 14 + -16. Let j = 3 + k. Let g(t) = 71*t**3 + 4*t**2 - 4*t**2 - 1 + 2*t - t**2 - 97*t**3. What is g(j)?
-26
Let t(s) = -s**2 + 19*s - 18. Let d be t(18). Suppose -9*q + 596 - 29 = d. Let z = -61 + q. Let v(i) = 5*i - 1. What is v(z)?
9
Let n(m) = 6*m**2 - 50*m + 19. Let j be n(8). Let x(b) = -2240*b**2 + 2 - 6*b - 2 + 2239*b**2 + j. Determine x(-5).
8
Let o(s) = 1823*s - 5470. Let d be o(3). Let w(c) = 46*c**3 + 2*c**2 + c. Give w(d).
-45
Let n(h) = -h**3 + h**2 + h + 3. Let f be n(0). Let z(j) = 4 - 2*j**2 + 0*j + 36*j**3 - 9*j + 4*j**3 - j - 39*j**f. Calculate z(4).
-4
Let a(q) = q - 4*q - 44 - 280055*q**2 + 280077*q**2 + 0*q + q**3. Give a(-22).
22
Let v(y) = 5*y**3 - 2*y - 1 + 2*y. Suppose 4*s + 2 = 3*i, 3*i - 8 = -411*s + 409*s. What is v(s)?
4
Let r(q) = 2*q + 3. Suppose 2*p + 5*j = 37, -5*p = -0*j + 5*j - 55. Let k(l) = 3*l + 4. Let c(u) = p*r(u) - 5*k(u). What is c(-7)?
19
Let k be 54*(3 - 18/12). Let m(y) = k - 3*y - 85 + 2*y. Give m(-5).
1
Let i(w) be the first derivative of -2*w**4/3 + w**2 + 24*w - 8. Let m(v) be the second derivative of i(v). Determine m(-1).
16
Let d = -947 - -944. Let z(q) = 26*q - 47*q + 5 - 3*q**2 + 25*q - 1 - q**3. Calculate z(d).
-8
Let t(a) = -131*a**3 - a**2 - 10*a - 8. Let z be t(-1). Suppose 0 = -y - 21*y + z. Let j(p) = -p**3 + 6*p**2 + p + 2. Determine j(y).
8
Let x(o) = o + 9. Let b be (-8 - -9)/((-2)/14). Let d be x(b). Let i(g) = 906*g**2 - 901*g**d - 2*g**3 + 1 - g + 3*g**3. Calculate i(-5).
6
Let w(j) be the second derivative of -5*j**3/6 + 13*j**2/2 - 3251*j. Determine w(8).
-27
Let q(l) = -l**3 + 29*l**2 + 35*l - 15. Let d(z) = -z**3 + 34*z**2 + 36*z - 17. Let y(p) = 8*d(p) - 9*q(p). Determine y(-13).
12
Let s be 6/4*(-4)/3. Let i(m) = 5*m**2 + m - 4. Let t(q) = -81*q**2 - 15*q + 66. Let z be (-460)/(-14) - (-14)/98. Let g(r) = z*i(r) + 2*t(r). Calculate g(s).
6
Suppose x = -2*x - 18. Let h(g) = 2 + 13 - 27*g + 36 + 0. Let v(q) = -5*q + 10. Let k(i) = 4*h(i) - 21*v(i). Give k(x).
12
Let d = -6203 - -6185. Let q(h) = -7*h - 100. Determine q(d).
26
Suppose 0 = -4312*a + 4266*a. Let v(c) be the third derivative of 0*c - 1/2*c**3 + a + 1/15*c**5 + 1/120*c**6 - 5/24*c**4 - 36*c**2. Calculate v(-5).
-3
Let z(n) = -5*n - 4. Let j(u) be the second derivative of 0 - 1/2*u**2 - 1/6*u**3 + 3*u. Let b(v) = 18*j(v) - 4*z(v). Determine b(8).
14
Let d(w) = -15*w - 4. Let p be (1/(-1) - (-1 + 1 + 5)) + 13. What is d(p)?
-109
Let n(y) = -1144 - 1152 - 1148 - 1146 + 4588 - 4*y. Give n(0).
-2
Suppose -z = -1 - 2. Let u = -4 + z. Let w(l) be t